ommon factor of k and 26.
1
Suppose -759*o + 380*o + 3454 = -377*o. What is the greatest common divisor of o and 121?
11
Let s = 40 + -9. Suppose -43*q = -5*u + 26, 2*u - 16 = u + 5*q. What is the highest common divisor of s and u?
31
Suppose -35 = -2*i + 7*i. Let j be (10 + -12)/(2/i). Let v be j/((-154)/(-180)) + (-6)/33. What is the highest common divisor of 8 and v?
8
Suppose 12*o - 977 = -725. Let m = -262 - -535. What is the highest common divisor of o and m?
21
Suppose -34 = -3*r + 2*h, 5*r = 6*r + h - 23. Calculate the highest common divisor of r and 50.
2
Let f = 37 - 21. Suppose -4*n = -f, -6*m + n = -m - 1. Let z be m*-1*(14 - 15). What is the highest common divisor of z and 11?
1
Suppose 34020 = 132*s + 23*s + 6275. What is the greatest common factor of 12172 and s?
179
Suppose 5*t = 3*c + 788, 361 = 4*t + 5*c - 225. Suppose 2*n + 3*g = 387, 8*n - 3*n + 5*g - 975 = 0. Calculate the highest common divisor of t and n.
22
Let u = 33 + -33. Suppose u = -4*q + 5*l + 23, q - 1 = l + 4. Calculate the highest common factor of q and 3.
1
Let v be ((-130)/52)/((-2)/4). Suppose -16*p + 4*p + 1284 = 0. Let m = p + -62. What is the highest common factor of m and v?
5
Suppose -4*u + 5*s = -387 - 787, 0 = 5*u - 3*s - 1448. Calculate the highest common factor of 704 and u.
22
Let j = -28988 - -29230. What is the highest common factor of j and 6171?
121
Let l(b) be the first derivative of -3*b**3 + 1 + b**2 + 1/4*b**4 + 11*b. Let y be l(9). What is the greatest common divisor of 29 and y?
29
Suppose -2*o - 10 = -2*p, 242*p + 3*o + 19 = 247*p. What is the highest common factor of 13 and p?
1
Let w be (-6)/16 - -39*(-30)/(-48). Let k = -55 + -64. Let b = 239 + k. Calculate the highest common divisor of w and b.
24
Let d(j) = 3*j**2 - 103*j - 80. Let t be d(39). Let i = t - 431. What is the greatest common factor of 245 and i?
35
Let k be ((-474)/(-8))/((-2 - -2) + 18/432). What is the highest common divisor of k and 90?
18
Let m(s) = -21*s - 4. Let l be m(-3). Let r(n) = 261 + 2*n**2 - n**3 - 92 - 57 - 13*n - 65. Let j be r(-6). Calculate the greatest common divisor of l and j.
59
Suppose 4590 = 3809*r - 3803*r. Calculate the highest common factor of 1360 and r.
85
Let v = 121 + 34. Let q = 12 - 10. Suppose 2*n + q*r = 128, -6*n - r = -2*n - 250. Calculate the highest common divisor of n and v.
31
Suppose 3*d = 2*d - 66. Let s be d/(-1) + (1 - 3). Suppose -254*x + 1299 = -733. What is the greatest common factor of s and x?
8
Let n(y) = -8*y**3 + 3*y**2 - 68*y - 211. Let d be n(-6). What is the greatest common divisor of 874 and d?
19
Let v(y) = -4*y**3 - 3*y - 8*y**2 + 4 + y**3 + 10*y**2 + 2*y**3. Let u be v(-3). Let r = 67 - u. What is the greatest common factor of r and 54?
9
Let s be -2 + 221 - 936/104. Calculate the highest common factor of 945 and s.
105
Let h = 697 + -394. Suppose -22*q + 23*q + z = 154, 3*z = -2*q + h. What is the highest common divisor of 53 and q?
53
Suppose -4*p = 4*p + 480. Let z be (-20)/p - (-5)/3. Suppose w - 10 = -o, 33 = z*o + 5*w - 2. Calculate the greatest common factor of 55 and o.
5
Let d be 3 + (2 - 1) + (-2 - -14). Let g = 3465 + -2393. Calculate the highest common divisor of d and g.
16
Suppose -2*x + 42*k + 258 = 40*k, -5*k - 125 = -x. What is the highest common divisor of x and 70?
10
Let x be (8 - -1)/(((-45)/(-36))/5). Suppose x*v - 4802 = 22*v. What is the highest common factor of v and 7?
7
Let l = 131 + -118. Suppose 6*f + 795 = 11*f. Let n = f + -94. Calculate the greatest common divisor of n and l.
13
Suppose 5*z + 24*h = 30*h + 7975, 3*z + 2*h - 4785 = 0. What is the highest common divisor of 145 and z?
145
Suppose 2*w = 3*w - 5, s - w = 203. Let d = 109350 + -109337. Calculate the greatest common divisor of s and d.
13
Suppose -5*y = 4*n - 20, -4*n = y - 4*y + 44. Suppose -y*u = -3470 - 370. Let p(z) = 10*z - 2. Let d be p(5). Calculate the highest common divisor of u and d.
48
Let n be (-61)/(-2) - (-2)/(-4). Suppose 762594*l = 762617*l - 1035. Calculate the highest common divisor of n and l.
15
Let y be (0 + -3)/(6*(-1)/32). Suppose y + 2 = 2*d. Let o be (42/4)/(-5*d/(-300)). Calculate the highest common factor of o and 14.
14
Let c be -9 + 6 + 92 + 2*1. Let h(t) = -t + 35. Let z be h(22). Calculate the highest common divisor of c and z.
13
Let i = 171 - -36. Let f = 67 - i. Let y = 235 + f. What is the greatest common factor of 19 and y?
19
Suppose 172*g - 168*g = 257 + 2631. Calculate the greatest common factor of 836 and g.
38
Suppose -4*b + 5*l + 4315 = -2*b, -4*b + 8665 = -3*l. What is the greatest common divisor of b and 21?
7
Suppose 398*z - 393*z - 13955 = -5*d, -2*d + 5558 = -z. What is the greatest common factor of 363 and d?
121
Let p = 1373 + -1357. Suppose -2*s - 8 = -14. Let r(o) = 63*o + 3. Let d be r(s). Calculate the greatest common divisor of p and d.
16
Let f be 2991/11 - (-4)/(2 + 42). Let m = -33 + 50. What is the greatest common factor of m and f?
17
Suppose 352*x - 350*x - 84 = 0. What is the highest common divisor of x and 231?
21
Let v(n) = n**2 + n - 18. Let g be v(-5). Suppose -g*k - f = -0*k - 139, 4*k + 3*f = 277. What is the greatest common divisor of k and 5?
5
Let m(i) be the second derivative of 3*i**5/20 - i**4/2 - 5*i**3/6 - 6*i**2 + 29*i + 1. Let y be m(6). Calculate the highest common factor of 39 and y.
39
Let x be ((-165)/44)/((-6)/8). Suppose 0 = 3*u + 6, 0*b + 70 = b - x*u. Calculate the greatest common divisor of 165 and b.
15
Let p = 4219 + -4109. What is the highest common factor of 176 and p?
22
Let x = 1475 - 1436. What is the greatest common divisor of 129 and x?
3
Suppose 67 = 3*j - 5*z, -j - 5*z = -3 - 26. What is the highest common divisor of 486 and j?
6
Let u be (-3 - (-15 - -7))*798/21. Suppose 38 = 2*i - 22. What is the highest common divisor of u and i?
10
Let o be (8/(-12))/((-7)/(-63)). Let y be (-3)/o*6 - (1 + 1). Let u be 3*(-1 + 5) - 0. What is the highest common factor of y and u?
1
Let b(o) = -o + 2. Let i be b(4). Let d be (76/i)/(4/(-10)). Suppose -462*m - 1152 = -15094 - 3614. What is the highest common divisor of m and d?
19
Let m = -33671 + 33775. Calculate the greatest common factor of 2808 and m.
104
Suppose -11*l - 18*l - 19*l = -124944. Calculate the highest common divisor of 548 and l.
137
Let o be (-22)/3 + 15/45. Let s = 28 + o. Suppose v + 2*v = 9. What is the greatest common divisor of s and v?
3
Suppose -2*w - 2*g = 0, -5*w + 21 = 2*g - 4*g. Suppose -1254 = -14*m + w*m. Calculate the greatest common divisor of m and 38.
38
Let f(y) = -y**3 + 12*y**2 + 65*y + 6. Let w be f(16). Suppose -w*v = -604 - 760. What is the greatest common factor of v and 310?
62
Let a = 11975 + -11905. What is the greatest common divisor of a and 1820?
70
Let q(l) = l**3 - 7*l**2 - 8. Suppose -m = 3*m - 28. Let x be q(m). Let z = 35 + x. What is the greatest common factor of z and 135?
27
Suppose -3*t - 31541 = -7*t - s, -5*t = -5*s - 39395. Calculate the highest common factor of 18 and t.
18
Let u = 846 + -847. Let n be (u/5*-3)/((-9)/(-9675)). What is the greatest common factor of 15 and n?
15
Let g(n) = 22*n**2 - 2*n + 4. Let b be 3 - (-4 - 1*-6*1). Let q be g(b). Suppose 0*a = 2*a + 4, -2*r = a - 22. What is the greatest common divisor of r and q?
12
Let k = 51281 - 50911. Suppose -7*u + 1110 = -2*u. What is the highest common divisor of k and u?
74
Let w(l) = 2*l**2 - 55*l - 22. Let f be w(28). Let d(q) = -q**2 + 7*q + 19. Let g be d(f). Calculate the highest common factor of 5 and g.
5
Suppose 0 = -8*u + 3*u + 130. Let x = -512 + 517. Let b be -2 - (0/x - 4). What is the greatest common factor of u and b?
2
Let w(r) = r**3 + 17*r**2 - 42*r - 41. Suppose 12 = -5*a - 78. Let q be w(a). Calculate the highest common factor of 17 and q.
17
Let d be 3/2 - 200/80. Let o be 72/16*(3 - d). What is the greatest common factor of o and 1152?
18
Suppose -2*v = 3*v - 135. Suppose 417 = 5*f + 4*c, 40*f - 78 = 39*f + c. Calculate the highest common divisor of f and v.
27
Suppose -2*y + 200 = 38*y. What is the highest common divisor of y and 31?
1
Suppose -347*l = -364*l + 2669. Calculate the greatest common factor of l and 6437.
157
Suppose 19*l + 753 = 9208. What is the highest common factor of l and 10?
5
Let m(z) = 4*z + 2*z**3 - 8*z + 3*z + 13*z**2